{"id":883,"date":"2022-08-18T05:02:28","date_gmt":"2022-08-18T05:02:28","guid":{"rendered":"https:\/\/acreciap.kivart.com\/?page_id=883"},"modified":"2023-06-27T03:52:51","modified_gmt":"2023-06-27T03:52:51","slug":"alianzas","status":"publish","type":"page","link":"https:\/\/acreciap.org\/index.php\/alianzas\/","title":{"rendered":"ALIANZAS"},"content":{"rendered":"<section class=\"wpb-content-wrapper\"><p>[vc_row][vc_column][vc_empty_space height=&#8221;64px&#8221;][vc_column_text]<\/p>\n<h2 class=\"x-el x-el-h2 c1-1 c1-2 c1-1q c1-1e c1-7o c1-28 c1-16 c1-15 c1-7p c1-7d c1-b c1-7q c1-5w c1-44 c1-5z c1-7r c1-7s c1-61 c1-62 c1-63\" style=\"text-align: center;\" role=\"heading\" aria-level=\"2\" data-ux=\"SectionHeading\" data-aid=\"CONTENT_SECTION_TITLE_RENDERED\" data-typography=\"HeadingDelta\" data-font-scaled=\"true\"><span class=\"x-el x-el-span c1-7t c1-32 c1-7u c1-7v c1-7w\" data-ux=\"Element\">Resultado de los Proyectos de Coinversi\u00f3n que finalizaron en 2022<\/span><\/h2>\n<p>[\/vc_column_text][vc_empty_space][\/vc_column][\/vc_row][vc_row][vc_column width=&#8221;1\/4&#8243;][vc_single_image image=&#8221;884&#8243; img_size=&#8221;medium&#8221;][\/vc_column][vc_column width=&#8221;3\/4&#8243;][vc_column_text]<span class=\"x-el x-el-span c1-7v c1-7w c1-b c1-9y c1-9z c1-a0 c1-a1 c1-a2\"><strong class=\"x-el x-el-span c1-1n c1-1o c1-b c1-9t c1-32 c1-4b c1-9u\">Nacional Monte de Piedad I.A.P.\u00a0<\/strong><\/span><\/p>\n<p><span class=\"x-el x-el-span c1-7v c1-7w c1-b c1-9y c1-9z c1-a0 c1-a1 c1-a2\"><strong class=\"x-el x-el-span c1-1n c1-1o c1-b c1-9t c1-32 c1-4b c1-9u\">MI DERECHO A LA SALUD VISUAL.\u00a0<\/strong><\/span><\/p>\n<p><span class=\"x-el x-el-span c1-7v c1-7w c1-b c1-9y c1-9z c1-a0 c1-a1 c1-a2\">\u00a0<strong class=\"x-el x-el-span c1-1n c1-1o c1-b c1-9t c1-32 c1-4b c1-9u\">Objetivos\/Metas:<\/strong>\u00a0<\/span><\/p>\n<p><span class=\"x-el x-el-span c1-7v c1-7w c1-b c1-9y c1-9z c1-a0 c1-a1 c1-a2\">1) Informar a titulares de derecho sobre el cuidado de la salud visual.<\/span><\/p>\n<p><span class=\"x-el x-el-span c1-7v c1-7w c1-b c1-9y c1-9z c1-a0 c1-a1 c1-a2\">2) Dar acceso a servicios de consulta oftalmol\u00f3gica.<\/span><\/p>\n<p><span class=\"x-el x-el-span c1-7v c1-7w c1-b c1-9y c1-9z c1-a0 c1-a1 c1-a2\">3) Dar acceso a estudios de diagn\u00f3stico, de tratamientos l\u00e1ser y cirug\u00edas.<\/span>[\/vc_column_text][vc_empty_space][\/vc_column][\/vc_row][vc_row][vc_column width=&#8221;1\/4&#8243;][vc_single_image image=&#8221;897&#8243; img_size=&#8221;medium&#8221;][\/vc_column][vc_column width=&#8221;3\/4&#8243;][vc_column_text]<\/p>\n<div id=\"1b413b37-dc5a-4cdc-93fd-fca91309aca4\" class=\"x-el x-el-div x-el c1-1 c1-2 c1-14 c1-57 c1-4 c1-8u c1-8v c1-1c c1-8w c1-8x c1-b c1-c c1-8y c1-8z c1-d c1-e c1-f c1-g c1-1 c1-2 c1-b c1-c c1-d c1-e c1-f c1-g\" data-ux=\"ContentBasic\">\n<h4 class=\"x-el x-el-h4 c1-1 c1-2 c1-1q c1-1e c1-ae c1-18 c1-16 c1-15 c1-17 c1-b c1-30 c1-5w c1-44 c1-5z c1-61 c1-62 c1-63\" role=\"heading\" aria-level=\"4\" data-ux=\"ContentHeading\" data-aid=\"CONTENT_HEADLINE1_RENDERED\" data-typography=\"HeadingDelta\">SUD Servicios Caritativos A.C.<\/h4>\n<div class=\"x-el c1-1 c1-2 c1-1q c1-1e c1-4v c1-15 c1-17 c1-90 c1-91 c1-92 c1-93 c1-94 c1-95 c1-96 c1-97 c1-98 c1-99 c1-9a c1-9b c1-9c c1-9d c1-9e c1-9f c1-9g c1-9h c1-9i c1-9j c1-9k c1-9l c1-9m c1-9n c1-9o c1-9p c1-9q c1-9r c1-7c c1-b c1-3o c1-a7 c1-44 c1-a8 c1-a9 c1-aa c1-ab x-rt\" data-ux=\"ContentText\" data-aid=\"CONTENT_DESCRIPTION1_RENDERED\" data-typography=\"BodyAlpha\" data-font-scaled=\"true\"><\/div>\n<\/div>\n<div id=\"d5432fc4-7da9-4a73-9a32-5cab1539b061\" class=\"x-el x-el-div x-el c1-1 c1-2 c1-14 c1-57 c1-4 c1-8u c1-8v c1-1c c1-8w c1-8x c1-b c1-c c1-8y c1-8z c1-d c1-e c1-f c1-g c1-1 c1-2 c1-b c1-c c1-d c1-e c1-f c1-g\" data-ux=\"ContentBasic\">\n<div class=\"x-el c1-1 c1-2 c1-1q c1-1e c1-4v c1-15 c1-17 c1-90 c1-91 c1-92 c1-93 c1-94 c1-95 c1-96 c1-97 c1-98 c1-99 c1-9a c1-9b c1-9c c1-9d c1-9e c1-9f c1-9g c1-9h c1-9i c1-9j c1-9k c1-9l c1-9m c1-9n c1-9o c1-9p c1-9q c1-9r c1-7c c1-b c1-3o c1-a7 c1-44 c1-a8 c1-a9 c1-aa c1-ab x-rt\" data-ux=\"ContentText\" data-aid=\"CONTENT_DESCRIPTION2_RENDERED\" data-typography=\"BodyAlpha\" data-font-scaled=\"true\"><\/div>\n<\/div>\n<div id=\"ece51450-61df-4c2b-b935-8ecc901d3643\" class=\"x-el x-el-div x-el c1-1 c1-2 c1-14 c1-57 c1-4 c1-8u c1-8v c1-1c c1-8w c1-8x c1-b c1-c c1-8y c1-8z c1-d c1-e c1-f c1-g c1-1 c1-2 c1-b c1-c c1-d c1-e c1-f c1-g\" data-ux=\"ContentBasic\">\n<div class=\"x-el c1-1 c1-2 c1-1q c1-1e c1-4v c1-15 c1-17 c1-90 c1-91 c1-92 c1-93 c1-94 c1-95 c1-96 c1-97 c1-98 c1-99 c1-9a c1-9b c1-9c c1-9d c1-9e c1-9f c1-9g c1-9h c1-9i c1-9j c1-9k c1-9l c1-9m c1-9n c1-9o c1-9p c1-9q c1-9r c1-7c c1-b c1-3o c1-a7 c1-44 c1-a8 c1-a9 c1-aa c1-ab x-rt\" data-ux=\"ContentText\" data-aid=\"CONTENT_DESCRIPTION3_RENDERED\" data-typography=\"BodyAlpha\" data-font-scaled=\"true\">\n<p>Objetivos:<\/p>\n<p><span style=\"color: #000000;\"><span style=\"font-size: medium;\">Atender a 5,198 personas quienes no han tenido acceso a la salud visual y est\u00e1n en riesgo de agravamiento de la enfermedad ocular o padecer discapacidad visual.<\/span><\/span><\/p>\n<\/div>\n<\/div>\n<p>[\/vc_column_text][vc_empty_space][\/vc_column][\/vc_row][vc_row][vc_column width=&#8221;1\/4&#8243;][vc_single_image image=&#8221;1011&#8243; img_size=&#8221;medium&#8221;][\/vc_column][vc_column width=&#8221;3\/4&#8243;][vc_column_text]<\/p>\n<div id=\"1b413b37-dc5a-4cdc-93fd-fca91309aca4\" class=\"x-el x-el-div x-el c1-1 c1-2 c1-14 c1-57 c1-4 c1-8u c1-8v c1-1c c1-8w c1-8x c1-b c1-c c1-8y c1-8z c1-d c1-e c1-f c1-g c1-1 c1-2 c1-b c1-c c1-d c1-e c1-f c1-g\" data-ux=\"ContentBasic\">\n<div id=\"72e1857c-0569-4740-918b-985e0a964162\" class=\"x-el x-el-div x-el c1-1 c1-2 c1-14 c1-57 c1-4 c1-8u c1-8v c1-1c c1-8w c1-8x c1-b c1-c c1-8y c1-8z c1-d c1-e c1-f c1-g c1-1 c1-2 c1-b c1-c c1-d c1-e c1-f c1-g\" data-ux=\"ContentBasic\">\n<h4 class=\"x-el x-el-h4 c1-1 c1-2 c1-1q c1-1e c1-ae c1-18 c1-16 c1-15 c1-17 c1-b c1-7q c1-5w c1-44 c1-5z c1-61 c1-62 c1-63\" role=\"heading\" aria-level=\"4\" data-ux=\"ContentHeading\" data-aid=\"CONTENT_HEADLINE1_RENDERED\" data-typography=\"HeadingDelta\">RIO ARRONTE<\/h4>\n<p><strong>Objetivos<\/strong><\/p>\n<\/div>\n<div id=\"f2a3127c-db51-40f8-85d4-7ccadb3f1097\" class=\"x-el x-el-div x-el c1-1 c1-2 c1-14 c1-57 c1-4 c1-8u c1-8v c1-1c c1-8w c1-8x c1-b c1-c c1-8y c1-8z c1-d c1-e c1-f c1-g c1-1 c1-2 c1-b c1-c c1-d c1-e c1-f c1-g\" data-ux=\"ContentBasic\"><\/div>\n<div id=\"8ab5e7ef-3fe8-4c6f-a2cd-5defb795d797\" class=\"x-el x-el-div x-el c1-1 c1-2 c1-14 c1-57 c1-4 c1-8u c1-8v c1-1c c1-8w c1-8x c1-b c1-c c1-8y c1-8z c1-d c1-e c1-f c1-g c1-1 c1-2 c1-b c1-c c1-d c1-e c1-f c1-g\" data-ux=\"ContentBasic\">\n<div class=\"x-el c1-1 c1-2 c1-1q c1-1e c1-4v c1-15 c1-17 c1-90 c1-91 c1-92 c1-93 c1-94 c1-95 c1-96 c1-97 c1-98 c1-99 c1-9a c1-9b c1-9c c1-9d c1-9e c1-9f c1-9g c1-9h c1-9i c1-9j c1-9k c1-9l c1-9m c1-9n c1-9o c1-9p c1-9q c1-9r c1-7c c1-b c1-9s c1-a7 c1-44 c1-a8 c1-a9 c1-aa c1-ab x-rt\" data-ux=\"ContentText\" data-aid=\"CONTENT_DESCRIPTION5_RENDERED\" data-typography=\"BodyAlpha\" data-font-scaled=\"true\">\n<ul>\n<li>Contribuir a la reducci\u00f3n de personas en riesgo de discapacidad visual por glaucoma y enfermedades visuales de la retina que no gozan del derecho a la salud visual.<\/li>\n<li>Atenci\u00f3n en consulta de oftalmolog\u00eda general y de subespecialidad en glaucoma y retina.<\/li>\n<li>Atenci\u00f3n en tratamientos quir\u00fargicos de glaucoma y retina.<\/li>\n<li>Realizar consulta de oftalmolog\u00eda general de primera vez a personas que acuden a la Cl\u00ednica Oftalmol\u00f3gica ACREC.<\/li>\n<li>Realizar consulta de glaucoma y retina a pacientes referidos de la consulta de primera vez de la Cl\u00ednica Oftalmol\u00f3gica ACREC.<\/li>\n<li>Realizar estudios de OCT, Campimetr\u00eda, Foto de nervio \u00f3ptico y Fluorangiograf\u00eda, e informar al paciente el avance del padecimiento durante la consulta de glaucoma y retina.<\/li>\n<li>Realizar cirug\u00edas de glaucoma y retina.<\/li>\n<\/ul>\n<\/div>\n<\/div>\n<\/div>\n<p>[\/vc_column_text][vc_empty_space height=&#8221;64px&#8221;][vc_column_text]<\/p>\n<div id=\"1b413b37-dc5a-4cdc-93fd-fca91309aca4\" class=\"x-el x-el-div x-el c1-1 c1-2 c1-14 c1-57 c1-4 c1-8u c1-8v c1-1c c1-8w c1-8x c1-b c1-c c1-8y c1-8z c1-d c1-e c1-f c1-g c1-1 c1-2 c1-b c1-c c1-d c1-e c1-f c1-g\" data-ux=\"ContentBasic\">\n<div id=\"72e1857c-0569-4740-918b-985e0a964162\" class=\"x-el x-el-div x-el c1-1 c1-2 c1-14 c1-57 c1-4 c1-8u c1-8v c1-1c c1-8w c1-8x c1-b c1-c c1-8y c1-8z c1-d c1-e c1-f c1-g c1-1 c1-2 c1-b c1-c c1-d c1-e c1-f c1-g\" data-ux=\"ContentBasic\">\n<h2 class=\"p1\"><b>Proyecto Rio Arronte 2023<\/b><\/h2>\n<p class=\"p2\">Atenci\u00f3n especializada para prevenir la discapacidad visual en Morelos.<\/p>\n<h3 class=\"p3\"><span class=\"s1\"><b>Objetivo del proyecto<\/b><\/span><b>:<\/b><\/h3>\n<p class=\"p1\">Reducir el n\u00famero de personas que asisten a la cl\u00ednica ACREC y provienen del estado de Morelos con catarata, glaucoma y retinopat\u00edas en riesgo de ver agravado su padecimiento visual<span class=\"Apple-converted-space\">\u00a0<\/span><\/p>\n<p class=\"p1\"><b>Metas:<span class=\"Apple-converted-space\">\u00a0<\/span><\/b><\/p>\n<ul class=\"ul1\">\n<li class=\"li1\">300 personas atendidas en consulta de oftalmolog\u00eda general en comunidad,<span class=\"Apple-converted-space\">\u00a0<\/span><\/li>\n<li class=\"li1\">7,200 personas en consulta de primer contacto en cl\u00ednica.<\/li>\n<li class=\"li1\">4,174 personas con 9,600 consultas de subespecialidad de segmento anterior, glaucoma y retina,<span class=\"Apple-converted-space\">\u00a0<\/span><\/li>\n<li class=\"li1\">5,580 estudios de diagn\u00f3stico: c\u00e1lculo de lente intraocular, OCT de retina, OCT de glaucoma y campimetr\u00eda.<\/li>\n<li class=\"li1\">444 tratamientos l\u00e1ser y Yag l\u00e1ser<span class=\"Apple-converted-space\">\u00a0<\/span><\/li>\n<li class=\"li1\">1,500 cirug\u00edas de glaucoma, catarata y renina,<span class=\"Apple-converted-space\">\u00a0<\/span><\/li>\n<li class=\"li1\">5 aliados para realizar el proyecto.<span class=\"Apple-converted-space\">\u00a0<\/span><\/li>\n<\/ul>\n<\/div>\n<\/div>\n<p>[\/vc_column_text][vc_empty_space][\/vc_column][\/vc_row][vc_row][vc_column width=&#8221;1\/4&#8243;][vc_single_image image=&#8221;896&#8243; img_size=&#8221;medium&#8221;][\/vc_column][vc_column width=&#8221;3\/4&#8243;][vc_column_text]<\/p>\n<div id=\"1b413b37-dc5a-4cdc-93fd-fca91309aca4\" class=\"x-el x-el-div x-el c1-1 c1-2 c1-14 c1-57 c1-4 c1-8u c1-8v c1-1c c1-8w c1-8x c1-b c1-c c1-8y c1-8z c1-d c1-e c1-f c1-g c1-1 c1-2 c1-b c1-c c1-d c1-e c1-f c1-g\" data-ux=\"ContentBasic\">\n<div id=\"72e1857c-0569-4740-918b-985e0a964162\" class=\"x-el x-el-div x-el c1-1 c1-2 c1-14 c1-57 c1-4 c1-8u c1-8v c1-1c c1-8w c1-8x c1-b c1-c c1-8y c1-8z c1-d c1-e c1-f c1-g c1-1 c1-2 c1-b c1-c c1-d c1-e c1-f c1-g\" data-ux=\"ContentBasic\">\n<h4 class=\"x-el x-el-h4 c1-1 c1-2 c1-1q c1-1e c1-ae c1-18 c1-16 c1-15 c1-17 c1-b c1-7q c1-5w c1-44 c1-5z c1-61 c1-62 c1-63\" role=\"heading\" aria-level=\"4\" data-ux=\"ContentHeading\" data-aid=\"CONTENT_HEADLINE1_RENDERED\" data-typography=\"HeadingDelta\">INEGI<\/h4>\n<p class=\"p1\">Se colabora con el INEGI entregando en 2022 el n\u00famero de cirug\u00edas oftalmol\u00f3gicas ambulatorias realizadas durante el a\u00f1o:<\/p>\n<ul class=\"ul1\">\n<li class=\"li1\">Egresos 2,202<\/li>\n<li class=\"li1\">Mujeres 1,233<\/li>\n<li class=\"li1\">Hombres 969<\/li>\n<li class=\"li1\">Personal m\u00e9dico 25<\/li>\n<\/ul>\n<\/div>\n<\/div>\n<p>[\/vc_column_text][vc_empty_space height=&#8221;64px&#8221;][\/vc_column][\/vc_row][vc_row][vc_column][vc_column_text]<\/p>\n<h3 class=\"x-el x-el-h3 c1-1 c1-2 c1-1q c1-1e c1-ae c1-18 c1-16 c1-15 c1-7p c1-7d c1-b c1-ai c1-5d c1-44 c1-5f c1-5g c1-5h c1-5i\" style=\"text-align: center;\" role=\"heading\" aria-level=\"3\" data-ux=\"HeadingMiddle\" data-aid=\"LOGOS_SECTION_TITLE_RENDERED\" data-typography=\"HeadingGamma\">NUESTROS ALIADOS<\/h3>\n<p>[\/vc_column_text][vc_empty_space][\/vc_column][\/vc_row][vc_row][vc_column width=&#8221;1\/3&#8243;][vc_single_image image=&#8221;1083&#8243; img_size=&#8221;full&#8221;][\/vc_column][vc_column width=&#8221;1\/3&#8243;][vc_single_image image=&#8221;1086&#8243; img_size=&#8221;full&#8221; alignment=&#8221;center&#8221;][\/vc_column][vc_column width=&#8221;1\/3&#8243;][vc_single_image image=&#8221;1085&#8243; img_size=&#8221;full&#8221; alignment=&#8221;center&#8221;][\/vc_column][\/vc_row][vc_row][vc_column width=&#8221;1\/3&#8243;][vc_single_image image=&#8221;1084&#8243; img_size=&#8221;full&#8221; alignment=&#8221;center&#8221;][\/vc_column][vc_column width=&#8221;1\/3&#8243;][vc_single_image image=&#8221;1090&#8243; img_size=&#8221;full&#8221; alignment=&#8221;center&#8221;][\/vc_column][vc_column width=&#8221;1\/3&#8243;][vc_single_image image=&#8221;1093&#8243; img_size=&#8221;full&#8221; alignment=&#8221;center&#8221;][\/vc_column][\/vc_row][vc_row][vc_column width=&#8221;1\/2&#8243;][vc_single_image image=&#8221;1092&#8243; img_size=&#8221;Full&#8221;][\/vc_column][vc_column width=&#8221;1\/2&#8243;][vc_single_image image=&#8221;1091&#8243; img_size=&#8221;396&#215;200&#8243;][\/vc_column][\/vc_row][vc_row][vc_column][vc_empty_space height=&#8221;64px&#8221;][\/vc_column][\/vc_row]<\/p>\n<\/section>","protected":false},"excerpt":{"rendered":"<p class=\"card-text\">[vc_row][vc_column][vc_empty_space height=&#8221;64px&#8221;][vc_column_text] Resultado de los Proyectos de Coinversi\u00f3n que finalizaron en 2022 [\/vc_column_text][vc_empty_space][\/vc_column][\/vc_row][vc_row][vc_column width=&#8221;1\/4&#8243;][vc_single_image image=&#8221;884&#8243; img_size=&#8221;medium&#8221;][\/vc_column][vc_column width=&#8221;3\/4&#8243;][vc_column_text]Nacional Monte de Piedad I.A.P.\u00a0 MI DERECHO A LA SALUD VISUAL.\u00a0 \u00a0Objetivos\/Metas:\u00a0 1) Informar a titulares de derecho sobre el cuidado de la salud visual. 2) Dar acceso a servicios de consulta oftalmol\u00f3gica. 3) Dar acceso a estudios de [&#8230;]<\/p>\n<p class=\"m-0\"><a class=\"btn btn-outline-secondary btn-read-more\" href=\"https:\/\/acreciap.org\/index.php\/alianzas\/\">Read More<\/a><\/p>\n","protected":false},"author":1,"featured_media":0,"parent":0,"menu_order":0,"comment_status":"closed","ping_status":"closed","template":"","meta":{"footnotes":""},"class_list":["post-883","page","type-page","status-publish","hentry"],"yoast_head":"<!-- This site is optimized with the Yoast SEO plugin v22.2 - https:\/\/yoast.com\/wordpress\/plugins\/seo\/ -->\n<title>ALIANZAS - Top Of The World<\/title>\n<meta name=\"robots\" content=\"index, follow, max-snippet:-1, max-image-preview:large, max-video-preview:-1\" \/>\n<link rel=\"canonical\" href=\"https:\/\/acreciap.org\/index.php\/alianzas\/\" \/>\n<meta property=\"og:locale\" content=\"es_ES\" \/>\n<meta property=\"og:type\" content=\"article\" \/>\n<meta property=\"og:title\" content=\"ALIANZAS - Top Of The World\" \/>\n<meta property=\"og:description\" content=\"[vc_row][vc_column][vc_empty_space height=&#8221;64px&#8221;][vc_column_text] Resultado de los Proyectos de Coinversi\u00f3n que finalizaron en 2022 [\/vc_column_text][vc_empty_space][\/vc_column][\/vc_row][vc_row][vc_column width=&#8221;1\/4&#8243;][vc_single_image image=&#8221;884&#8243; img_size=&#8221;medium&#8221;][\/vc_column][vc_column width=&#8221;3\/4&#8243;][vc_column_text]Nacional Monte de Piedad I.A.P.\u00a0 MI DERECHO A LA SALUD VISUAL.\u00a0 \u00a0Objetivos\/Metas:\u00a0 1) Informar a titulares de derecho sobre el cuidado de la salud visual. 2) Dar acceso a servicios de consulta oftalmol\u00f3gica. 3) Dar acceso a estudios de [...]Read More\" \/>\n<meta property=\"og:url\" content=\"https:\/\/acreciap.org\/index.php\/alianzas\/\" \/>\n<meta property=\"og:site_name\" content=\"Top Of The World\" \/>\n<meta property=\"article:modified_time\" content=\"2023-06-27T03:52:51+00:00\" \/>\n<meta name=\"twitter:card\" content=\"summary_large_image\" \/>\n<meta name=\"twitter:label1\" content=\"Tiempo de lectura\" \/>\n\t<meta name=\"twitter:data1\" content=\"2 minutos\" \/>\n<script type=\"application\/ld+json\" class=\"yoast-schema-graph\">{\"@context\":\"https:\/\/schema.org\",\"@graph\":[{\"@type\":\"WebPage\",\"@id\":\"https:\/\/acreciap.org\/index.php\/alianzas\/\",\"url\":\"https:\/\/acreciap.org\/index.php\/alianzas\/\",\"name\":\"ALIANZAS - Top Of The World\",\"isPartOf\":{\"@id\":\"https:\/\/acreciap.org\/#website\"},\"datePublished\":\"2022-08-18T05:02:28+00:00\",\"dateModified\":\"2023-06-27T03:52:51+00:00\",\"breadcrumb\":{\"@id\":\"https:\/\/acreciap.org\/index.php\/alianzas\/#breadcrumb\"},\"inLanguage\":\"es\",\"potentialAction\":[{\"@type\":\"ReadAction\",\"target\":[\"https:\/\/acreciap.org\/index.php\/alianzas\/\"]}]},{\"@type\":\"BreadcrumbList\",\"@id\":\"https:\/\/acreciap.org\/index.php\/alianzas\/#breadcrumb\",\"itemListElement\":[{\"@type\":\"ListItem\",\"position\":1,\"name\":\"Portada\",\"item\":\"https:\/\/acreciap.org\/\"},{\"@type\":\"ListItem\",\"position\":2,\"name\":\"ALIANZAS\"}]},{\"@type\":\"WebSite\",\"@id\":\"https:\/\/acreciap.org\/#website\",\"url\":\"https:\/\/acreciap.org\/\",\"name\":\"Top Of The World\",\"description\":\"Just another WordPress site\",\"potentialAction\":[{\"@type\":\"SearchAction\",\"target\":{\"@type\":\"EntryPoint\",\"urlTemplate\":\"https:\/\/acreciap.org\/?s={search_term_string}\"},\"query-input\":\"required name=search_term_string\"}],\"inLanguage\":\"es\"}]}<\/script>\n<!-- \/ Yoast SEO plugin. -->","yoast_head_json":{"title":"ALIANZAS - Top Of The World","robots":{"index":"index","follow":"follow","max-snippet":"max-snippet:-1","max-image-preview":"max-image-preview:large","max-video-preview":"max-video-preview:-1"},"canonical":"https:\/\/acreciap.org\/index.php\/alianzas\/","og_locale":"es_ES","og_type":"article","og_title":"ALIANZAS - Top Of The World","og_description":"[vc_row][vc_column][vc_empty_space height=&#8221;64px&#8221;][vc_column_text] Resultado de los Proyectos de Coinversi\u00f3n que finalizaron en 2022 [\/vc_column_text][vc_empty_space][\/vc_column][\/vc_row][vc_row][vc_column width=&#8221;1\/4&#8243;][vc_single_image image=&#8221;884&#8243; img_size=&#8221;medium&#8221;][\/vc_column][vc_column width=&#8221;3\/4&#8243;][vc_column_text]Nacional Monte de Piedad I.A.P.\u00a0 MI DERECHO A LA SALUD VISUAL.\u00a0 \u00a0Objetivos\/Metas:\u00a0 1) Informar a titulares de derecho sobre el cuidado de la salud visual. 2) Dar acceso a servicios de consulta oftalmol\u00f3gica. 3) Dar acceso a estudios de [...]Read More","og_url":"https:\/\/acreciap.org\/index.php\/alianzas\/","og_site_name":"Top Of The World","article_modified_time":"2023-06-27T03:52:51+00:00","twitter_card":"summary_large_image","twitter_misc":{"Tiempo de lectura":"2 minutos"},"schema":{"@context":"https:\/\/schema.org","@graph":[{"@type":"WebPage","@id":"https:\/\/acreciap.org\/index.php\/alianzas\/","url":"https:\/\/acreciap.org\/index.php\/alianzas\/","name":"ALIANZAS - Top Of The World","isPartOf":{"@id":"https:\/\/acreciap.org\/#website"},"datePublished":"2022-08-18T05:02:28+00:00","dateModified":"2023-06-27T03:52:51+00:00","breadcrumb":{"@id":"https:\/\/acreciap.org\/index.php\/alianzas\/#breadcrumb"},"inLanguage":"es","potentialAction":[{"@type":"ReadAction","target":["https:\/\/acreciap.org\/index.php\/alianzas\/"]}]},{"@type":"BreadcrumbList","@id":"https:\/\/acreciap.org\/index.php\/alianzas\/#breadcrumb","itemListElement":[{"@type":"ListItem","position":1,"name":"Portada","item":"https:\/\/acreciap.org\/"},{"@type":"ListItem","position":2,"name":"ALIANZAS"}]},{"@type":"WebSite","@id":"https:\/\/acreciap.org\/#website","url":"https:\/\/acreciap.org\/","name":"Top Of The World","description":"Just another WordPress site","potentialAction":[{"@type":"SearchAction","target":{"@type":"EntryPoint","urlTemplate":"https:\/\/acreciap.org\/?s={search_term_string}"},"query-input":"required name=search_term_string"}],"inLanguage":"es"}]}},"_links":{"self":[{"href":"https:\/\/acreciap.org\/index.php\/wp-json\/wp\/v2\/pages\/883","targetHints":{"allow":["GET"]}}],"collection":[{"href":"https:\/\/acreciap.org\/index.php\/wp-json\/wp\/v2\/pages"}],"about":[{"href":"https:\/\/acreciap.org\/index.php\/wp-json\/wp\/v2\/types\/page"}],"author":[{"embeddable":true,"href":"https:\/\/acreciap.org\/index.php\/wp-json\/wp\/v2\/users\/1"}],"replies":[{"embeddable":true,"href":"https:\/\/acreciap.org\/index.php\/wp-json\/wp\/v2\/comments?post=883"}],"version-history":[{"count":22,"href":"https:\/\/acreciap.org\/index.php\/wp-json\/wp\/v2\/pages\/883\/revisions"}],"predecessor-version":[{"id":1095,"href":"https:\/\/acreciap.org\/index.php\/wp-json\/wp\/v2\/pages\/883\/revisions\/1095"}],"wp:attachment":[{"href":"https:\/\/acreciap.org\/index.php\/wp-json\/wp\/v2\/media?parent=883"}],"curies":[{"name":"wp","href":"https:\/\/api.w.org\/{rel}","templated":true}]}}