{"id":865,"date":"2022-08-17T17:57:25","date_gmt":"2022-08-17T17:57:25","guid":{"rendered":"https:\/\/acreciap.kivart.com\/?page_id=865"},"modified":"2023-04-14T04:11:36","modified_gmt":"2023-04-14T04:11:36","slug":"programas","status":"publish","type":"page","link":"https:\/\/acreciap.org\/index.php\/programas\/","title":{"rendered":"PROGRAMAS"},"content":{"rendered":"<section class=\"wpb-content-wrapper\"><p>[vc_row bg_type=&#8221;bg_color&#8221; bg_color_value=&#8221;#f9f9f9&#8243;][vc_column][vc_empty_space][vc_column_text]<\/p>\n<h2 class=\"x-el x-el-h2 c1-1 c1-2 c1-1q c1-1e c1-7o c1-28 c1-16 c1-15 c1-7p c1-7d c1-b c1-7q c1-5d c1-44 c1-5f c1-7r c1-7s c1-5g c1-5h c1-5i\" style=\"text-align: center;\" role=\"heading\" aria-level=\"2\" data-ux=\"SectionHeading\" data-aid=\"CONTENT_SECTION_TITLE_RENDERED\" data-typography=\"HeadingGamma\" data-font-scaled=\"true\"><span class=\"x-el x-el-span c1-7t c1-32 c1-7u c1-7v c1-7w\" style=\"color: #6593c2;\" data-ux=\"Element\">Programas del Modelo de intervenci\u00f3n<\/span><\/h2>\n<div class=\"x-el x-el-div c1-1 c1-2 c1-4 c1-7x c1-b c1-5d c1-5f c1-5g c1-5h c1-5i\" data-ux=\"Block\"><\/div>\n<p>[\/vc_column_text][vc_separator el_width=&#8221;10&#8243;][vc_empty_space][\/vc_column][\/vc_row][vc_row bg_type=&#8221;bg_color&#8221; bg_color_value=&#8221;#f9f9f9&#8243;][vc_column width=&#8221;1\/3&#8243;][vc_column_text]<\/p>\n<h4 class=\"x-el x-el-h4 c1-1 c1-2 c1-1q c1-1e c1-8w c1-18 c1-16 c1-15 c1-17 c1-8x c1-4y c1-b c1-8y c1-5w c1-44 c1-8z c1-5z c1-61 c1-62 c1-63\" style=\"text-align: center;\" role=\"heading\" aria-level=\"4\" data-ux=\"ContentCardHeading\" data-aid=\"CONTENT_HEADLINE1_RENDERED\" data-typography=\"HeadingDelta\">Prevenci\u00f3n de enfermedades visuales<\/h4>\n<p>[\/vc_column_text][vc_empty_space][vc_single_image image=&#8221;1026&#8243; img_size=&#8221;medium&#8221; alignment=&#8221;center&#8221; css_animation=&#8221;fadeIn&#8221;][vc_column_text]<\/p>\n<h4 style=\"text-align: center;\"><strong class=\"x-el x-el-span c1-1n c1-1o c1-b c1-9z c1-32 c1-4b c1-a0\">SERVICIOS<\/strong><\/h4>\n<p>[\/vc_column_text][vc_column_text]<\/p>\n<ul>\n<li class=\"x-el x-el-span c1-7v c1-7w c1-b c1-a4 c1-a5 c1-a6 c1-a7 c1-a8\">Campa\u00f1as de sensibilizaci\u00f3n para el cuidado de la salud visual<\/li>\n<li class=\"x-el x-el-span c1-7v c1-7w c1-b c1-a4 c1-a5 c1-a6 c1-a7 c1-a8\">Campa\u00f1as de detecci\u00f3n de enfermedades visuales y errores de refracci\u00f3n<\/li>\n<li class=\"x-el x-el-span c1-7v c1-7w c1-b c1-a4 c1-a5 c1-a6 c1-a7 c1-a8\">Consulta de oftalmolog\u00eda y optometr\u00eda de primer contacto<\/li>\n<li class=\"x-el x-el-span c1-7v c1-7w c1-b c1-a4 c1-a5 c1-a6 c1-a7 c1-a8\">Consulta de nutrici\u00f3n.<\/li>\n<\/ul>\n<p>[\/vc_column_text][\/vc_column][vc_column width=&#8221;1\/3&#8243;][vc_column_text]<\/p>\n<h4 class=\"x-el x-el-h4 c1-1 c1-2 c1-1q c1-1e c1-8w c1-18 c1-16 c1-15 c1-17 c1-8x c1-4y c1-b c1-8y c1-5w c1-44 c1-8z c1-5z c1-61 c1-62 c1-63\" style=\"text-align: center;\" role=\"heading\" aria-level=\"4\" data-ux=\"ContentCardHeading\" data-aid=\"CONTENT_HEADLINE2_RENDERED\" data-typography=\"HeadingDelta\">Salud visual<\/h4>\n<p>[\/vc_column_text][vc_empty_space][vc_empty_space][vc_single_image image=&#8221;1031&#8243; img_size=&#8221;medium&#8221; alignment=&#8221;center&#8221;][vc_column_text]<\/p>\n<h4 style=\"text-align: center;\"><strong class=\"x-el x-el-span c1-1n c1-1o c1-b c1-9z c1-32 c1-4b c1-a0\">SERVICIOS<\/strong><\/h4>\n<p>[\/vc_column_text][vc_column_text]<\/p>\n<ul>\n<li class=\"x-el x-el-span c1-7v c1-7w c1-b c1-a4 c1-a5 c1-a6 c1-a7 c1-a8\">Consulta oftalmol\u00f3gica de subespeciailidad<\/li>\n<li class=\"x-el x-el-span c1-7v c1-7w c1-b c1-a4 c1-a5 c1-a6 c1-a7 c1-a8\">Consulta optom\u00e9trica de baja visi\u00f3n<\/li>\n<li class=\"x-el x-el-span c1-7v c1-7w c1-b c1-a4 c1-a5 c1-a6 c1-a7 c1-a8\">Estudios de diagn\u00f3stico<\/li>\n<li class=\"x-el x-el-span c1-7v c1-7w c1-b c1-a4 c1-a5 c1-a6 c1-a7 c1-a8\">Tratamientos l\u00e1ser e intrav\u00edtreo<\/li>\n<li class=\"x-el x-el-span c1-7v c1-7w c1-b c1-a4 c1-a5 c1-a6 c1-a7 c1-a8\">Cirug\u00edas oculares<\/li>\n<li class=\"x-el x-el-span c1-7v c1-7w c1-b c1-a4 c1-a5 c1-a6 c1-a7 c1-a8\">\u00d3ptica<\/li>\n<\/ul>\n<p>[\/vc_column_text][\/vc_column][vc_column width=&#8221;1\/3&#8243;][vc_column_text]<\/p>\n<h4 class=\"x-el x-el-h4 c1-1 c1-2 c1-1q c1-1e c1-8w c1-18 c1-16 c1-15 c1-17 c1-8x c1-4y c1-b c1-8y c1-5w c1-44 c1-8z c1-5z c1-61 c1-62 c1-63\" style=\"text-align: center;\" role=\"heading\" aria-level=\"4\" data-ux=\"ContentCardHeading\" data-aid=\"CONTENT_HEADLINE3_RENDERED\" data-typography=\"HeadingDelta\">Rehabilitaci\u00f3n a personas con discapacidad visual.<\/h4>\n<p>[\/vc_column_text][vc_empty_space][vc_single_image image=&#8221;1032&#8243; img_size=&#8221;medium&#8221;][vc_column_text]<\/p>\n<h4 style=\"text-align: center;\"><strong class=\"x-el x-el-span c1-1n c1-1o c1-b c1-9z c1-32 c1-4b c1-a0\">SERVICIOS<\/strong><\/h4>\n<p>[\/vc_column_text][vc_column_text]<\/p>\n<ul>\n<li class=\"x-el x-el-span c1-7v c1-7w c1-b c1-a4 c1-a5 c1-a6 c1-a7 c1-a8\">Braille<\/li>\n<li class=\"x-el x-el-span c1-7v c1-7w c1-b c1-a4 c1-a5 c1-a6 c1-a7 c1-a8\">Orientaci\u00f3n y Movilidad<\/li>\n<li class=\"x-el x-el-span c1-7v c1-7w c1-b c1-a4 c1-a5 c1-a6 c1-a7 c1-a8\">Actividades de la vida diaria<\/li>\n<li class=\"x-el x-el-span c1-7v c1-7w c1-b c1-a4 c1-a5 c1-a6 c1-a7 c1-a8\">Estimulaci\u00f3n temprana<\/li>\n<li class=\"x-el x-el-span c1-7v c1-7w c1-b c1-a4 c1-a5 c1-a6 c1-a7 c1-a8\">Educaci\u00f3n abierta \u00a0del INEA<\/li>\n<li class=\"x-el x-el-span c1-7v c1-7w c1-b c1-a4 c1-a5 c1-a6 c1-a7 c1-a8\">C\u00edrculo de lectura<\/li>\n<li class=\"x-el x-el-span c1-7v c1-7w c1-b c1-a4 c1-a5 c1-a6 c1-a7 c1-a8\">Taller de \u00f3mputo<\/li>\n<li class=\"x-el x-el-span c1-7v c1-7w c1-b c1-a4 c1-a5 c1-a6 c1-a7 c1-a8\">Taller de superaci\u00f3n personal<\/li>\n<\/ul>\n<p>[\/vc_column_text][\/vc_column][\/vc_row][vc_row][vc_column][vc_empty_space height=&#8221;64px&#8221;][vc_column_text]<\/p>\n<h2 class=\"x-el x-el-h2 c1-1 c1-2 c1-1q c1-1e c1-7o c1-28 c1-16 c1-15 c1-7p c1-7d c1-b c1-30 c1-5w c1-44 c1-5z c1-7r c1-7s c1-61 c1-62 c1-63\" style=\"text-align: center;\" role=\"heading\" aria-level=\"2\" data-ux=\"SectionHeading\" data-aid=\"CONTENT_SECTION_TITLE_RENDERED\" data-typography=\"HeadingDelta\" data-font-scaled=\"true\"><span class=\"x-el x-el-span c1-7t c1-32 c1-7u c1-7v c1-7w\" data-ux=\"Element\">PROGRAMA: PREVENCI\u00d3N DE ENFERMEDADES VISUALES<\/span><\/h2>\n<div class=\"x-el x-el-div c1-1 c1-2 c1-4 c1-7x c1-b c1-5w c1-5z c1-61 c1-62 c1-63\" data-ux=\"Block\"><\/div>\n<p>[\/vc_column_text][vc_empty_space][\/vc_column][\/vc_row][vc_row][vc_column width=&#8221;1\/4&#8243;][vc_single_image image=&#8221;1026&#8243; img_size=&#8221;large&#8221; style=&#8221;vc_box_circle_2&#8243;][\/vc_column][vc_column width=&#8221;3\/4&#8243;][vc_column_text]El Objetivo del Programa consiste en<strong class=\"x-el x-el-span c1-1n c1-1o c1-b c1-9z c1-32 c1-4b c1-a0\">:\u00a0<\/strong>Prevenir en la poblaci\u00f3n enfermedades visuales y errores de \u00a0\u00a0refracci\u00f3n que causan discapacidad visual.<\/p>\n<p>Sabemos que adem\u00e1s de las decisiones personales hay otros factores que intervienen en \u00a0\u00a0la salud, como son el acceso a la medicina preventiva, que evita que las \u00a0\u00a0enfermedades oftalmol\u00f3gicas degeneren en padecimientos m\u00e1s graves que, al no \u00a0\u00a0ser atendidos en su fase inicial, repercuten, tanto en la salud general del \u00a0\u00a0paciente como en la econom\u00eda familiar, al representar un mayor gasto para su \u00a0\u00a0atenci\u00f3n en las fases avanzadas del padecimiento.[\/vc_column_text][\/vc_column][\/vc_row][vc_row][vc_column][vc_empty_space height=&#8221;64px&#8221;][vc_column_text]<\/p>\n<h2 class=\"x-el x-el-h2 c1-1 c1-2 c1-1q c1-1e c1-7o c1-28 c1-16 c1-15 c1-7p c1-7d c1-b c1-8y c1-5w c1-44 c1-5z c1-7r c1-7s c1-61 c1-62 c1-63\" style=\"text-align: center;\" role=\"heading\" aria-level=\"2\" data-ux=\"SectionHeading\" data-aid=\"CONTENT_SECTION_TITLE_RENDERED\" data-typography=\"HeadingDelta\" data-font-scaled=\"true\"><span class=\"x-el x-el-span c1-7t c1-32 c1-7u c1-7v c1-7w\" data-ux=\"Element\">PROGRAMA: SALUD VISUAL<\/span><\/h2>\n<div class=\"x-el x-el-div c1-1 c1-2 c1-4 c1-7x c1-b c1-5w c1-5z c1-61 c1-62 c1-63\" data-ux=\"Block\"><\/div>\n<p>[\/vc_column_text][vc_empty_space][\/vc_column][\/vc_row][vc_row][vc_column width=&#8221;1\/4&#8243;][vc_single_image image=&#8221;1028&#8243; img_size=&#8221;large&#8221; style=&#8221;vc_box_circle_2&#8243;][\/vc_column][vc_column width=&#8221;3\/4&#8243;][vc_column_text]<\/p>\n<p class=\"x-el x-el-h4 c1-1 c1-2 c1-1q c1-1e c1-8w c1-18 c1-16 c1-15 c1-17 c1-b c1-8y c1-c c1-44 c1-d c1-e c1-f c1-g\" role=\"heading\" aria-level=\"4\" data-ux=\"ContentHeading\" data-aid=\"CONTENT_HEADLINE1_RENDERED\" data-typography=\"HeadingDelta\" data-font-scaled=\"true\">El Objetivo del programa consiste en: Conservar o mejorar la visi\u00f3n de las personas usuarias con en<\/p>\n<div class=\"x-el c1-1 c1-2 c1-1q c1-1e c1-4v c1-15 c1-17 c1-96 c1-97 c1-98 c1-99 c1-9a c1-9b c1-9c c1-9d c1-9e c1-9f c1-9g c1-9h c1-9i c1-9j c1-9k c1-9l c1-9m c1-9n c1-9o c1-9p c1-9q c1-9r c1-9s c1-9t c1-9u c1-9v c1-9w c1-9x c1-7c c1-b c1-9y c1-a4 c1-44 c1-a5 c1-a6 c1-a7 c1-a8 x-rt\" data-ux=\"ContentText\" data-aid=\"CONTENT_DESCRIPTION1_RENDERED\" data-typography=\"BodyAlpha\" data-font-scaled=\"true\">\n<p>El n\u00famero de personas con enfermedades visuales cr\u00f3nicas que asisten a ACREC, se ha incrementado en los \u00faltimos a\u00f1os, debido al proceso de envejecimiento \u00a0\u00a0demogr\u00e1fico que se ha producido en la mayor\u00eda de las naciones del mundo y, M\u00e9xico \u00a0no es la excepci\u00f3n (K.D. Gonz\u00e1lez 2015). En ese sentido, informa la OMS \u00a0\u00a0(2018) que el impacto de las enfermedades cr\u00f3nicas est\u00e1 creciendo de forma \u00a0\u00a0sostenida en numerosos pa\u00edses de ingresos bajos y medios. La necesidad de \u00a0\u00a0prevenir y comprender la relevancia de las enfermedades cr\u00f3nicas y de \u00a0\u00a0intervenir urgentemente contra ellas es una cuesti\u00f3n cada vez m\u00e1s importante.<\/p>\n<p>Considerando \u00a0\u00a0lo anterior, el Programa de Salud Visual incide en la disminuci\u00f3n de discapacidad \u00a0\u00a0visual prevenible. La mayor\u00eda de las enfermedades que ocasionan d\u00e9ficit \u00a0\u00a0visual se deben a la poca informaci\u00f3n sobre las enfermedades visuales que \u00a0\u00a0ocasionan discapacidad y a los malos h\u00e1bitos alimenticios, especialmente en \u00a0\u00a0personas con diabetes, que pueden afectar de forma importante la visi\u00f3n.<\/p>\n<\/div>\n<p>[\/vc_column_text][\/vc_column][\/vc_row][vc_row][vc_column][vc_empty_space height=&#8221;64px&#8221;][vc_column_text]<\/p>\n<h2 class=\"x-el x-el-h2 c1-1 c1-2 c1-1q c1-1e c1-7o c1-28 c1-16 c1-15 c1-7p c1-7d c1-b c1-8y c1-5w c1-44 c1-5z c1-7r c1-7s c1-61 c1-62 c1-63\" style=\"text-align: center;\" role=\"heading\" aria-level=\"2\" data-ux=\"SectionHeading\" data-aid=\"CONTENT_SECTION_TITLE_RENDERED\" data-typography=\"HeadingDelta\" data-font-scaled=\"true\">PROGRAMA DE REHABILITACI\u00d3N A PERSONAS CON DISCAPACIDAD VISUAL<\/h2>\n<div class=\"x-el x-el-div c1-1 c1-2 c1-4 c1-7x c1-b c1-5w c1-5z c1-61 c1-62 c1-63\" data-ux=\"Block\"><\/div>\n<p>[\/vc_column_text][vc_empty_space][\/vc_column][\/vc_row][vc_row][vc_column width=&#8221;1\/4&#8243;][vc_single_image image=&#8221;1029&#8243; img_size=&#8221;large&#8221; style=&#8221;vc_box_circle_2&#8243;][\/vc_column][vc_column width=&#8221;3\/4&#8243;][vc_column_text]El Objetivo del programa consiste en Propiciar \u00a0\u00a0la independencia, autoestima y buen funcionamiento familiar de las personas con \u00a0\u00a0discapacidad visual, mediante la adquisici\u00f3n de habilidades y actitudes que \u00a0\u00a0les permitan llevar una vida plena.<\/p>\n<p>&nbsp;<\/p>\n<p>El programa est\u00e1 \u00a0relacionado con el programa de salud visual, en tanto \u00a0\u00a0canaliza al centro de rehabilitaci\u00f3n a las personas usuarias con baja visi\u00f3n \u00a0\u00a0originada por enfermedades visuales cr\u00f3nicas o con ceguera adquirida y cong\u00e9nita. Debido a la pandemia, las actividades del centro de rehabilitaci\u00f3n se centran en atender, con terapeutas capacitadas, \u00a0a los pacientes con ceguera legal que asisten a la cl\u00ednica, brindando asesor\u00eda al familiar que lo acompa\u00f1a, en la t\u00e9cnica de gu\u00eda vidente para un desplazamiento seguro dentro de las instalaciones y en su hogar.[\/vc_column_text][\/vc_column][\/vc_row][vc_row][vc_column][vc_empty_space height=&#8221;64px&#8221;][\/vc_column][\/vc_row]<\/p>\n<\/section>","protected":false},"excerpt":{"rendered":"<p class=\"card-text\">[vc_row bg_type=&#8221;bg_color&#8221; bg_color_value=&#8221;#f9f9f9&#8243;][vc_column][vc_empty_space][vc_column_text] Programas del Modelo de intervenci\u00f3n [\/vc_column_text][vc_separator el_width=&#8221;10&#8243;][vc_empty_space][\/vc_column][\/vc_row][vc_row bg_type=&#8221;bg_color&#8221; bg_color_value=&#8221;#f9f9f9&#8243;][vc_column width=&#8221;1\/3&#8243;][vc_column_text] Prevenci\u00f3n de enfermedades visuales [\/vc_column_text][vc_empty_space][vc_single_image image=&#8221;1026&#8243; img_size=&#8221;medium&#8221; alignment=&#8221;center&#8221; css_animation=&#8221;fadeIn&#8221;][vc_column_text] SERVICIOS [\/vc_column_text][vc_column_text] Campa\u00f1as de sensibilizaci\u00f3n para el cuidado de la salud visual Campa\u00f1as de detecci\u00f3n de enfermedades visuales y errores de refracci\u00f3n Consulta de oftalmolog\u00eda y optometr\u00eda de primer contacto Consulta de nutrici\u00f3n. [&#8230;]<\/p>\n<p class=\"m-0\"><a class=\"btn btn-outline-secondary btn-read-more\" href=\"https:\/\/acreciap.org\/index.php\/programas\/\">Read More<\/a><\/p>\n","protected":false},"author":1,"featured_media":0,"parent":0,"menu_order":0,"comment_status":"closed","ping_status":"closed","template":"","meta":{"footnotes":""},"class_list":["post-865","page","type-page","status-publish","hentry"],"yoast_head":"<!-- This site is optimized with the Yoast SEO plugin v22.2 - https:\/\/yoast.com\/wordpress\/plugins\/seo\/ -->\n<title>PROGRAMAS - Top Of The World<\/title>\n<meta name=\"robots\" content=\"index, follow, max-snippet:-1, max-image-preview:large, max-video-preview:-1\" \/>\n<link rel=\"canonical\" href=\"https:\/\/acreciap.org\/index.php\/programas\/\" \/>\n<meta property=\"og:locale\" content=\"es_ES\" \/>\n<meta property=\"og:type\" content=\"article\" \/>\n<meta property=\"og:title\" content=\"PROGRAMAS - Top Of The World\" \/>\n<meta property=\"og:description\" content=\"[vc_row bg_type=&#8221;bg_color&#8221; bg_color_value=&#8221;#f9f9f9&#8243;][vc_column][vc_empty_space][vc_column_text] Programas del Modelo de intervenci\u00f3n [\/vc_column_text][vc_separator el_width=&#8221;10&#8243;][vc_empty_space][\/vc_column][\/vc_row][vc_row bg_type=&#8221;bg_color&#8221; bg_color_value=&#8221;#f9f9f9&#8243;][vc_column width=&#8221;1\/3&#8243;][vc_column_text] Prevenci\u00f3n de enfermedades visuales [\/vc_column_text][vc_empty_space][vc_single_image image=&#8221;1026&#8243; img_size=&#8221;medium&#8221; alignment=&#8221;center&#8221; css_animation=&#8221;fadeIn&#8221;][vc_column_text] SERVICIOS [\/vc_column_text][vc_column_text] Campa\u00f1as de sensibilizaci\u00f3n para el cuidado de la salud visual Campa\u00f1as de detecci\u00f3n de enfermedades visuales y errores de refracci\u00f3n Consulta de oftalmolog\u00eda y optometr\u00eda de primer contacto Consulta de nutrici\u00f3n. [...]Read More\" \/>\n<meta property=\"og:url\" content=\"https:\/\/acreciap.org\/index.php\/programas\/\" \/>\n<meta property=\"og:site_name\" content=\"Top Of The World\" \/>\n<meta property=\"article:modified_time\" content=\"2023-04-14T04:11:36+00:00\" \/>\n<meta name=\"twitter:card\" content=\"summary_large_image\" \/>\n<meta name=\"twitter:label1\" content=\"Tiempo de lectura\" \/>\n\t<meta name=\"twitter:data1\" content=\"3 minutos\" \/>\n<script type=\"application\/ld+json\" class=\"yoast-schema-graph\">{\"@context\":\"https:\/\/schema.org\",\"@graph\":[{\"@type\":\"WebPage\",\"@id\":\"https:\/\/acreciap.org\/index.php\/programas\/\",\"url\":\"https:\/\/acreciap.org\/index.php\/programas\/\",\"name\":\"PROGRAMAS - Top Of The World\",\"isPartOf\":{\"@id\":\"https:\/\/acreciap.org\/#website\"},\"datePublished\":\"2022-08-17T17:57:25+00:00\",\"dateModified\":\"2023-04-14T04:11:36+00:00\",\"breadcrumb\":{\"@id\":\"https:\/\/acreciap.org\/index.php\/programas\/#breadcrumb\"},\"inLanguage\":\"es\",\"potentialAction\":[{\"@type\":\"ReadAction\",\"target\":[\"https:\/\/acreciap.org\/index.php\/programas\/\"]}]},{\"@type\":\"BreadcrumbList\",\"@id\":\"https:\/\/acreciap.org\/index.php\/programas\/#breadcrumb\",\"itemListElement\":[{\"@type\":\"ListItem\",\"position\":1,\"name\":\"Portada\",\"item\":\"https:\/\/acreciap.org\/\"},{\"@type\":\"ListItem\",\"position\":2,\"name\":\"PROGRAMAS\"}]},{\"@type\":\"WebSite\",\"@id\":\"https:\/\/acreciap.org\/#website\",\"url\":\"https:\/\/acreciap.org\/\",\"name\":\"Top Of The World\",\"description\":\"Just another WordPress site\",\"potentialAction\":[{\"@type\":\"SearchAction\",\"target\":{\"@type\":\"EntryPoint\",\"urlTemplate\":\"https:\/\/acreciap.org\/?s={search_term_string}\"},\"query-input\":\"required name=search_term_string\"}],\"inLanguage\":\"es\"}]}<\/script>\n<!-- \/ Yoast SEO plugin. -->","yoast_head_json":{"title":"PROGRAMAS - Top Of The World","robots":{"index":"index","follow":"follow","max-snippet":"max-snippet:-1","max-image-preview":"max-image-preview:large","max-video-preview":"max-video-preview:-1"},"canonical":"https:\/\/acreciap.org\/index.php\/programas\/","og_locale":"es_ES","og_type":"article","og_title":"PROGRAMAS - Top Of The World","og_description":"[vc_row bg_type=&#8221;bg_color&#8221; bg_color_value=&#8221;#f9f9f9&#8243;][vc_column][vc_empty_space][vc_column_text] Programas del Modelo de intervenci\u00f3n [\/vc_column_text][vc_separator el_width=&#8221;10&#8243;][vc_empty_space][\/vc_column][\/vc_row][vc_row bg_type=&#8221;bg_color&#8221; bg_color_value=&#8221;#f9f9f9&#8243;][vc_column width=&#8221;1\/3&#8243;][vc_column_text] Prevenci\u00f3n de enfermedades visuales [\/vc_column_text][vc_empty_space][vc_single_image image=&#8221;1026&#8243; img_size=&#8221;medium&#8221; alignment=&#8221;center&#8221; css_animation=&#8221;fadeIn&#8221;][vc_column_text] SERVICIOS [\/vc_column_text][vc_column_text] Campa\u00f1as de sensibilizaci\u00f3n para el cuidado de la salud visual Campa\u00f1as de detecci\u00f3n de enfermedades visuales y errores de refracci\u00f3n Consulta de oftalmolog\u00eda y optometr\u00eda de primer contacto Consulta de nutrici\u00f3n. [...]Read More","og_url":"https:\/\/acreciap.org\/index.php\/programas\/","og_site_name":"Top Of The World","article_modified_time":"2023-04-14T04:11:36+00:00","twitter_card":"summary_large_image","twitter_misc":{"Tiempo de lectura":"3 minutos"},"schema":{"@context":"https:\/\/schema.org","@graph":[{"@type":"WebPage","@id":"https:\/\/acreciap.org\/index.php\/programas\/","url":"https:\/\/acreciap.org\/index.php\/programas\/","name":"PROGRAMAS - Top Of The World","isPartOf":{"@id":"https:\/\/acreciap.org\/#website"},"datePublished":"2022-08-17T17:57:25+00:00","dateModified":"2023-04-14T04:11:36+00:00","breadcrumb":{"@id":"https:\/\/acreciap.org\/index.php\/programas\/#breadcrumb"},"inLanguage":"es","potentialAction":[{"@type":"ReadAction","target":["https:\/\/acreciap.org\/index.php\/programas\/"]}]},{"@type":"BreadcrumbList","@id":"https:\/\/acreciap.org\/index.php\/programas\/#breadcrumb","itemListElement":[{"@type":"ListItem","position":1,"name":"Portada","item":"https:\/\/acreciap.org\/"},{"@type":"ListItem","position":2,"name":"PROGRAMAS"}]},{"@type":"WebSite","@id":"https:\/\/acreciap.org\/#website","url":"https:\/\/acreciap.org\/","name":"Top Of The World","description":"Just another WordPress site","potentialAction":[{"@type":"SearchAction","target":{"@type":"EntryPoint","urlTemplate":"https:\/\/acreciap.org\/?s={search_term_string}"},"query-input":"required name=search_term_string"}],"inLanguage":"es"}]}},"_links":{"self":[{"href":"https:\/\/acreciap.org\/index.php\/wp-json\/wp\/v2\/pages\/865","targetHints":{"allow":["GET"]}}],"collection":[{"href":"https:\/\/acreciap.org\/index.php\/wp-json\/wp\/v2\/pages"}],"about":[{"href":"https:\/\/acreciap.org\/index.php\/wp-json\/wp\/v2\/types\/page"}],"author":[{"embeddable":true,"href":"https:\/\/acreciap.org\/index.php\/wp-json\/wp\/v2\/users\/1"}],"replies":[{"embeddable":true,"href":"https:\/\/acreciap.org\/index.php\/wp-json\/wp\/v2\/comments?post=865"}],"version-history":[{"count":16,"href":"https:\/\/acreciap.org\/index.php\/wp-json\/wp\/v2\/pages\/865\/revisions"}],"predecessor-version":[{"id":872,"href":"https:\/\/acreciap.org\/index.php\/wp-json\/wp\/v2\/pages\/865\/revisions\/872"}],"wp:attachment":[{"href":"https:\/\/acreciap.org\/index.php\/wp-json\/wp\/v2\/media?parent=865"}],"curies":[{"name":"wp","href":"https:\/\/api.w.org\/{rel}","templated":true}]}}